(base 8) in base 9?
3401
Convert -438 (base 10) to base 13.
-279
Convert -3b6 (base 13) to base 7.
-1625
What is -4575 (base 8) in base 11?
-1909
What is baa6 (base 15) in base 11?
27778
What is 10020112111 (base 3) in base 15?
13d94
-25007 (base 8) to base 13
-4b88
-450 (base 16) to base 13
-66c
Convert 100101000110 (base 2) to base 13.
1108
What is 207 (base 11) in base 5?
1444
546 (base 10) to base 14
2b0
What is 1233 (base 12) in base 16?
807
What is 1885 (base 10) in base 8?
3535
Convert 33b (base 15) to base 2.
1011011011
Convert 55041 (base 7) to base 12.
7b59
-5632 (base 9) to base 2
-1000001000000
Convert 3342 (base 8) to base 11.
1362
Convert 1100000100 (base 2) to base 10.
772
-202 (base 9) to base 12
-118
-13c6 (base 16) to base 9
-6844
Convert 10223031 (base 4) to base 5.
1103044
Convert 106652 (base 7) to base 12.
b138
Convert 46856 (base 9) to base 16.
7a55
-412431 (base 5) to base 11
-a155
Convert 220222 (base 3) to base 16.
2a2
What is 70f (base 16) in base 11?
13a3
Convert -555 (base 9) to base 16.
-1c7
What is 11012101 (base 3) in base 5?
44221
Convert -111011030 (base 4) to base 12.
-41b78
What is -25104 (base 8) in base 7?
-43355
Convert 11310011 (base 4) to base 6.
302125
324 (base 9) to base 10
265
What is 1020112212 (base 3) in base 15?
73a8
Convert -4030 (base 6) to base 13.
-52b
Convert -111 (base 7) to base 6.
-133
Convert -7006 (base 9) to base 4.
-1033311
What is -a928 (base 15) in base 2?
-1000101111100101
Convert 2541 (base 8) to base 7.
4005
4007 (base 8) to base 16
807
0 (base 4) to base 6
0
What is -32342 (base 5) in base 12?
-1352
Convert -1012002 (base 3) to base 15.
-3cb
-2831 (base 9) to base 15
-974
-7644 (base 11) to base 5
-310331
Convert -2050 (base 8) to base 12.
-748
-15367 (base 9) to base 11
-7995
Convert 517 (base 8) to base 3.
110102
-506 (base 16) to base 7
-3515
-323101 (base 4) to base 14
-154d
What is 5545 (base 6) in base 11?
a72
Convert 16185 (base 11) to base 3.
1011022222
Convert 313b (base 13) to base 10.
6810
What is 114 (base 16) in base 15?
136
-303 (base 7) to base 2
-10010110
Convert -22e (base 15) to base 7.
-1304
Convert 13155 (base 7) to base 2.
110110111111
What is 2616 (base 9) in base 12?
1173
1112 (base 12) to base 14
98a
Convert 2033220 (base 4) to base 12.
53a0
1212 (base 7) to base 10
450
d50 (base 16) to base 2
110101010000
Convert -2770 (base 11) to base 12.
-20aa
Convert 643 (base 10) to base 14.
33d
Convert 10100230 (base 4) to base 3.
212221101
What is 54a (base 13) in base 4?
32023
What is 41b (base 16) in base 5?
13201
Convert -5e0 (base 15) to base 3.
-1211110
Convert -234531 (base 6) to base 10.
-20503
110011001010 (base 2) to base 5
101044
Convert 76a (base 16) to base 7.
5351
b174 (base 16) to base 6
550152
Convert -36795 (base 11) to base 8.
-147174
What is -4141 (base 5) in base 14?
-2b0
Convert 11011001101100 (base 2) to base 5.
421212
772 (base 10) to base 8
1404
-2d85 (base 15) to base 12
-5808
What is 22450 (base 7) in base 2?
1011001010111
Convert 3425 (base 6) to base 3.
1002222
-c22c (base 13) to base 12
-13584
Convert 307d (base 14) to base 6.
102343
-1115 (base 8) to base 12
-411
267b (base 13) to base 6
41302
What is 101220010 (base 3) in base 12?
4719
What is -6d34 (base 14) in base 11?
-13356
Convert -7219 (base 14) to base 4.
-10302213
-6703 (base 16) to base 11
-188a4
Convert 6736 (base 9) to base 11.
3812
Convert 110110100010 (base 2) to base 12.
202a
-3151 (base 9) to base 15
-a44
Convert -960 (base 10) to base 5.
-12320
What is -14351 (base 6) in base 5?
-33144
ac (base 16) to base 12
124
423 (base 5) to base 6
305
302 (base 12) to base 14
230
-100413 (base 5) to base 11
-247a
Convert 11013 (base 5) to base 4.
23312
Convert -324 (base 7) to base 16.
-a5
Convert -662 (base 16) to base 13.
-989
What is -13231212 (base 4) in base 11?
-21809
Convert -156421 (base 7) to base 15.
-9321
What is 4232 (base 10) in base 3?
12210202
Convert -122122 (base 4) to base 8.
-3232
-7 (base 13) to base 4
-13
Convert -159 (base 15) to base 14.
-181
Convert 556 (base 9) to base 5.
3311
101353 (base 6) to base 4
1333011
What is -7251 (base 12) in base 7?
-51166
What is -a3c (base 14) in base 10?
-2014
What is -635 (base 7) in base 3?
-102212
What is 3718 (base 15) in base 5?
333343
-14a (base 16) to base 12
-236
-13232 (base 5) to base 8
-2053
Convert -1015 (base 7) to base 2.
-101100011
Convert -1002202 (base 3) to base 11.
-670
Convert 1185 (base 9) to base 12.
61b
2610 (base 7) to base 12
6a3
1836 (base 12) to base 8
5552
23531 (base 6) to base 10
3439
210111222 (base 3) to base 9
23458
-556 (base 7) to base 14
-166
What is -23085 (base 10) in base 13?
-a67a
Convert -108c (base 15) to base 5.
-103012
Convert 2141 (base 6) to base 4.
13231
Convert -125320 (base 6) to base 5.
-332233
Convert 647 (base 8) to base 6.
1543
Convert -4132 (base 5) to base 16.
-21e
Convert 112030 (base 4) to base 7.
4066
What is 225640 (base 7) in base 14?
10a57
Convert -4415 (base 12) to base 9.
-11258
What is 10001101000 (base 2) in base 4?
101220
Convert -b23 (base 13) to base 2.
-11101100000
What is 6905 (base 11) in base 14?
3448
-110101011 (base 2) to base 3
-120211
b7b1 (base 12) to base 2
100111010110101
Convert 28d (base 16) to base 15.
2d8
-11033 (base 4) to base 3
-110102
Convert 3222 (base 6) to base 8.
1336
Convert -113223 (base 4) to base 3.
-2002010
-11134 (base 10) to base 14
-40b4
Convert 45647 (base 8) to base 7.
110315
-33827 (base 9) to base 10
-22543
315434 (base 6) to base 7
135265
What is -4143 (base 5) in base 8?
-1044
What is -15a0 (base 15) in base 3?
-20101020
What is 33604 (base 8) in base 2?
11011110000100
What is -135 (base 16) in base 14?
-181
What is 737 (base 10) in base 16?
2e1
What is -43313 (base 6) in base 7?
-23226
Convert -102 (base 4) to base 11.
-17
What is -23361 (base 7) in base 2?
-1011110000101
What is 721 (base 13) in base 7?
3346
106445 (base 7) to base 2
100101010010110
What is 5254 (base 7) in base 8?
3474
Convert 1001111101101 (base 2) to base 15.
17a1
Convert 1135 (base 6) to base 9.
335
Convert 18021 (base 9) to base 6.
133244
What is -8b (base 15) in base 12?
-ab
Convert 321a (base 11) to base 7.
15260
-1124 (base 5) to base 16
-a4
Convert 1120200 (base 3) to base 13.
6a8
Convert 110010110010000 (base 2) to base 14.
9692
Convert -2322 (base 10) to base 3.
-10012000
1342 (base 9) to base 12
702
Convert -388e (base 16) to base 4.
-3202032
Convert 45c (base 13) to base 16.
2f1
Convert 220412 (base 5) to base 11.
5796
What is -1151 (base 6) in base 14?
-163
What is 498 (base 10) in base 7?
1311
2777 (base 11) to base 13
1835
What is 1201111 (base 5) in base 6?
245555
4802 (base 9) to base 3
11220002
What is -121351 (base 6) in base 3?
-112201011
Convert 1d3 (base 14) to base 13.
234
What is 520 (base 9) in base 10?
423
What is -3021130 (base 4) in base 8?
-31134
What is 111 (base 3) in base 14?
d
What is -3210 (base 5) in base 15?
-1da
Convert 221 (base 12) to base 10.
313
What is -2920 (base 13) in base 11?
-4511
-1458 (base 14) to base 7
-13341
What is 2424303 (base 5) in base 14?
12878
-30515 (base 7) to base 10
-7460
What is -7802 (base 14) in base 16?
-512a
Convert 2118 (base 9) to base 10.
1556
What is -1333313 (base 4) in base 3?
-102020002
What is -42552 (base 8) in base 13?
-811c
Convert -1178 (base 14) to base 16.
-be6
Convert 33647 (base 8) to base 11.
a782
Convert -213311 (base 5) to base 10.
-7331
Convert -121033 (base 4) to base 12.
-b27
Convert 3231222 (base 4) to base 3.
202212100
Convert -12 (base 3) to base 9.
-5
15407 (base 8) to base 15
20b4
78646 (base 9) to base 14
150ab
Convert -100010100000 (base 2) to base 8.
-4240
What is -589a (base 11) in base 10?
-7732
Convert -123 (base 10) to base 16.
-7b
826 (base 16) to base 2
100000100110
Convert -50541 (base 7) to base 16.
-2ff7
What is -31386 (base 12) in base 15?
-14180
What is -11210200 (base 3) in base 2?
-110110101101
-2084 (base 12) to base 3
-11212201
What is 5a2b (base 15) in base 5?
1103131
Convert -11111011011 (base 2) to base 13.
-bb9
Convert -13aca (base 15) to base 4.
-33123112
Convert 33364 (base 7) to base 12.
4a61
What is 203 (base 4) in base 10?
35
Convert 6e0 (base 16) to base 13.
a55
What is -282 (base 13) in base 10?
-444
-1022 (base 4) to base 6